2*v**3 - 5*v**2 - v - 3*v + v**3. Let y be r(-4). What are the prime factors of (2/y)/(8/208)?
13
Suppose t + 5*t = 240. List the prime factors of t.
2, 5
Let h be (0 + (1 - 1))/(-2). Let t be (3/(-4) + h)*8. What are the prime factors of (-62)/t - (-4)/6?
11
Let b(j) = -j**3 + 6*j**2 - 6*j + 2. Suppose 0*x - 4*g = 3*x + 2, 0 = -4*x - 4*g. Suppose -x = -f + 2. What are the prime factors of b(f)?
2, 5
What are the prime factors of 71 - (3/(9/6) + -1)?
2, 5, 7
Let t(b) = -14*b - 1. Let l be t(-2). Suppose 67 - l = 5*p. Let r = -2 + p. What are the prime factors of r?
2, 3
Let z(k) = -k**3 - 7*k**2 - 2*k - 5. Let i be z(-7). Suppose -l + 0 = -i. Suppose 42 = 3*u + l. List the prime factors of u.
11
Let l = -205 - -294. List the prime factors of l.
89
Let q(u) = 3*u**2 + 2*u + 2. Let t(n) = 4*n**2 + 2*n + 1. Let d(j) = 3*q(j) - 2*t(j). What are the prime factors of d(-4)?
2, 3
Let c(p) = 7*p + 5. Let r(k) = -6*k - 5. Let w(o) = 5*c(o) + 6*r(o). Let d be w(-7). Suppose 4*u - 19 = -s, d*s - 5*u - 25 = -0. List the prime factors of s.
3, 5
Suppose -4*n - 31 = -327. List the prime factors of n.
2, 37
Suppose 0 = q - 9 - 0. Suppose q = -3*d, -4*d = 2*u - 48 + 14. What are the prime factors of u?
23
Suppose c + 10 - 36 = 0. List the prime factors of c.
2, 13
Let f(v) be the first derivative of v**3/3 - 7*v**2/2 - 10*v + 2. Let x be ((-42)/35)/((-4)/30). List the prime factors of f(x).
2
Let m(g) = -g**3 + 10*g**2 - 9*g + 2. Let n be m(9). Suppose 4*c = n*r + 34, -70 = -5*c - 7*r + 4*r. List the prime factors of c.
11
Let m = 340 - 237. What are the prime factors of m?
103
Suppose 3*i + 9 - 24 = 0. Suppose 4*p = -5*q - 5 + 113, -i*p + 114 = q. List the prime factors of p.
2, 11
Suppose 39 - 15 = 3*x + 2*z, -4*z + 42 = 5*x. Let t = x + 12. List the prime factors of t.
2, 3
Let p be 1/(3/36*-1). List the prime factors of 4/p - 13/(-3).
2
Let z be (-1 + 16)*1*-1. Let b be 50/z*(-12)/(-10). What are the prime factors of b/(-2*(-3)/(-12))?
2
Suppose 0 = 2*p + 2*x - 18, 2*x + 0*x = -8. Suppose -3*q - q - 5*l = -22, -q + p = 5*l. What are the prime factors of q?
3
Suppose 0 = -2*a - 0*a + 8. Suppose 0 = a*k - 13 - 15. List the prime factors of k.
7
Suppose 2*k - 4*j + j - 153 = 0, -5*k + 4*j = -393. What are the prime factors of k?
3
List the prime factors of 33/((-1)/2 - -2).
2, 11
Let z = 203 - 89. What are the prime factors of z?
2, 3, 19
List the prime factors of (39/2)/(15/140).
2, 7, 13
Let h = 28 - 15. What are the prime factors of h?
13
Let x be 1 + 2/(-6)*-3. Suppose -14 = n - x*n. List the prime factors of n.
2, 7
Suppose -1 - 3 = 2*f. Let n = 2 - f. Suppose 16 = n*q - 4. What are the prime factors of q?
5
Let a = 4 + -2. Let y be (10/(-4))/(-1)*a. Suppose k - y = -0*k. List the prime factors of k.
5
Let m(i) = i**2 - 4*i + 2. Let a be m(3). Let l be 1 + 3 + 3/(-3). Let k = l - a. What are the prime factors of k?
2
Let j = -70 + 134. Suppose j = z - 5*z. List the prime factors of z/6*(-9)/2.
2, 3
Let j(k) = k**3 - k + 26. Let v be (-1 + 1)*2/(-4). Let x be j(v). Let b = x - 10. List the prime factors of b.
2
Let p(r) = r - 11. Let f be p(10). Let z = f - -5. List the prime factors of z.
2
Let d = 316 - 145. What are the prime factors of d?
3, 19
Let r(u) = u**2 + 4*u + 5. Suppose 5*k + 19 = 2*c + 2, -5*c = -k + 15. What are the prime factors of r(k)?
2, 5
Suppose 5*n = -15 - 25. Let y(g) = g**2 + 7*g - 2. Let w be y(n). Suppose l - w + 2 = 0. List the prime factors of l.
2
List the prime factors of ((-4350)/12)/(-5)*4.
2, 5, 29
Suppose 4*p - 3*s + 2*s = 134, 95 = 3*p + 2*s. Suppose -31 - p = -4*j. What are the prime factors of j?
2
Let g = -28 + 87. List the prime factors of g.
59
Suppose -4*b + b + 147 = 0. List the prime factors of b.
7
Let z(f) = -f**2 + 4*f - 2. Let b be z(2). Suppose b = l - 0. Suppose l*k = 4*k - 12. What are the prime factors of k?
2, 3
Let o = -1 - -11. Suppose 2*y - v = 6, v - o = -y - y. Suppose y*g + g = 55. What are the prime factors of g?
11
List the prime factors of (-121)/(-3) + (-12)/9.
3, 13
Let d = -25 - -89. What are the prime factors of d?
2
Suppose -90 = -5*r - 4*v, -2*r + 0*v + v + 49 = 0. What are the prime factors of r?
2, 11
Let u be 7 - (-1)/((-3)/9). Let z = 12 - u. List the prime factors of z.
2
Suppose 5*c + 4 + 1 = 0. Let l be (c*2 - 0) + 10. Suppose -5*d + 16 = 5*g - 34, 0 = g - d - l. List the prime factors of g.
3
What are the prime factors of -12*(36/(-16) + (4 - 4))?
3
What are the prime factors of 43 - (16 + -4)/(-4)?
2, 23
Let w be 10/(-4) - 3/(-2). Let q = 39 - w. Suppose 3*b + 2*b - q = 0. What are the prime factors of b?
2
Suppose 0 = -5*c + 2*f + 12, -5*f + 1 = 6. Let s be ((c - -5) + 2)/1. List the prime factors of s/(-2)*4/(-3).
2, 3
Let g(c) = -c**2 - 4*c - 1. Let i be g(-4). List the prime factors of i/(((-14)/(-30))/(-7)).
3, 5
Let u(s) = -s**3 + 4*s**2 + 3. Let q = -2 - -1. Let w = 5 + q. List the prime factors of u(w).
3
Let x = -33 - -52. What are the prime factors of x?
19
Let k = -7 - -7. Suppose -4*b - 4*s + 30 + 22 = 0, 2*b + s - 27 = k. What are the prime factors of b?
2, 7
Suppose -g = 2*g - 6. Suppose -3*b + g*s = -32, -b - b + 12 = s. List the prime factors of b.
2
Let i(u) = -u**2 - 8*u - 1. Suppose 12 - 32 = -4*l. Suppose -44 = 5*s + 3*q, -21 = 4*s + l*q + 22. What are the prime factors of i(s)?
2, 3
Let v be 3 - (9/(-1 - -4) + -1). Let u be (4 + -1)/((-3)/(-6)). Suppose -u = -2*o, 0 = -2*i + i + 5*o + v. List the prime factors of i.
2
Let u = 462 + -116. What are the prime factors of u?
2, 173
Let o(t) be the third derivative of -1/24*t**4 + 0*t + 0 + 2*t**2 + 2/3*t**3. What are the prime factors of o(-6)?
2, 5
Let a(n) = -6*n - 3. Let z(g) = -13*g - 5. Let f(b) = 5*a(b) - 2*z(b). What are the prime factors of f(-7)?
23
Let y(o) = -o + 29. Suppose -4*n + 6 = 3*p + 15, 3*p = -9. List the prime factors of y(n).
29
Let b be -4*(1 + (-6)/4). Let h(i) = -b - 2*i + 4*i**2 - 2 - 2*i**2 + 3*i. What are the prime factors of h(-3)?
11
Let y(w) = 5*w**3 - 13*w**2 + 12*w. Let c(v) = -14*v**3 + 38*v**2 - 35*v + 1. Let k(r) = 4*c(r) + 11*y(r). What are the prime factors of k(8)?
2
Let g = -2 + 2. Let m be -2*1/(-1 - g). Suppose b = -m*b + 15. List the prime factors of b.
5
List the prime factors of -6*(-1)/(-2) + 326.
17, 19
Let s be (-3 + 3)/(2 - 1). Suppose s = -4*g - 3*o + 7, -g - 16 = -2*g + 4*o. Suppose a - g*a = -12. List the prime factors of a.
2
Let c = 96 - 68. What are the prime factors of c?
2, 7
Suppose -n = -6*n - 20. Let a be n/(1 + (-10)/8). Let c = a + -3. List the prime factors of c.
13
Let p(m) = 3*m**2 + 2*m - 1. Let d be p(-3). Suppose -18 - d = u. List the prime factors of 15/6*u/(-5).
19
Let l = 10 - 7. List the prime factors of (17/2)/(l/6).
17
Suppose 0 = 3*t - 4*m - 3, t + 3*m + m - 1 = 0. Suppose -2*h = 3*c + 6, -h + c - t = -3. Let v = h - -6. What are the prime factors of v?
2, 3
Let u = -43 - -66. What are the prime factors of u?
23
Suppose 0 = -b + 4*k + 123, 4*b = 3*k + 359 + 159. What are the prime factors of b?
131
List the prime factors of 1 + 1 + 11*4.
2, 23
Suppose 5*p = p + 148. What are the prime factors of p?
37
Let d(f) = -7*f. Let n = -6 - -4. What are the prime factors of d(n)?
2, 7
Suppose 2*o + 1 + 3 = 0, -3*x = 4*o - 148. What are the prime factors of x?
2, 13
Let l(y) = -y. Let t(p) = 8*p - 1. Let f(a) = 6*l(a) + t(a). List the prime factors of f(12).
23
Let b(h) be the second derivative of -h**6/720 + h**5/120 - h**4/4 + 2*h. Let v(a) be the third derivative of b(a). List the prime factors of v(-2).
3
Suppose z = 4*l - 2*z - 35, 5*l + 5*z - 35 = 0. Let f = -5 + l. Suppose f - 1 = c. List the prime factors of c.
2
Let l = 0 - -23. What are the prime factors of l?
23
Suppose 4 = 3*u - 8. Suppose 0 = -u*p + p + 27. List the prime factors of p.
3
Let w(j) = -j**2 + j**3 + 2*j**3 - 2*j**3. Let y be w(2). Suppose -11 = -h + y. What are the prime factors of h?
3, 5
List the prime factors of 6/18*(124 + -1).
41
Let n(f) be the first derivative of f**3/3 - 7*f**2/2 + 3*f + 2. What are the prime factors of n(8)?
11
Suppose -n + 393 = -4*w, -5*n + n + 1550 = -5*w. List the prime factors of n.
5, 7, 11
Let i be (24/(-16))/(1/2). Let p = i + 25. What are the prime factors of p?
2, 11
Suppose 13 = -5*v - 17. Let i(k) = 22*k**3 + 2*k - 2. Let w be i(1).